6, what is -9 + 2164f?
21646
In base 7, what is -63 + -633?
-1026
In base 14, what is -d6 - -56?
-80
In base 12, what is 14 - 2485?
-2471
In base 5, what is -423122 + -2?
-423124
In base 2, what is 1000101 + -1110100011001?
-1110011010100
In base 3, what is -12 - -21200002200?
21200002111
In base 5, what is -10324 - -33?
-10241
In base 11, what is 19 - -17000?
17019
In base 14, what is 121 + 12d6?
1417
In base 7, what is 20660 + 25?
21015
In base 6, what is -20421 + -32?
-20453
In base 8, what is 20156 - 104?
20052
In base 11, what is -a3 - 70?
-163
In base 2, what is 1 - -100010111000101110?
100010111000101111
In base 6, what is 2000445 - 11?
2000434
In base 6, what is 2515 + 405?
3324
In base 7, what is 1 - -1341240?
1341241
In base 6, what is -1332140 - -3?
-1332133
In base 7, what is 124623 + -4?
124616
In base 9, what is -3 + 2841633?
2841630
In base 3, what is -20 + 100110212?
100110122
In base 12, what is 3 + 9352?
9355
In base 10, what is 288 - 219?
69
In base 4, what is -2103202 + 23?
-2103113
In base 3, what is 11100 - -2111012?
2122112
In base 4, what is -10 - -10312103?
10312033
In base 9, what is 12538 + 355?
13004
In base 2, what is -1111110001000010 + 1?
-1111110001000001
In base 8, what is -4 - 14722?
-14726
In base 4, what is -3 + -3201130213?
-3201130222
In base 13, what is 1191 + -73?
111b
In base 16, what is 0 + -e4f1?
-e4f1
In base 8, what is 3240 - -2055?
5315
In base 6, what is -12330 + 11?
-12315
In base 16, what is 23 + -555?
-532
In base 15, what is -2237 + -95?
-22cc
In base 14, what is 9b9 + 2d?
a08
In base 16, what is -26a + -10?
-27a
In base 7, what is -661 + 465?
-163
In base 15, what is 49 - -8274?
82bd
In base 5, what is -314113341 + 1?
-314113340
In base 4, what is 102 + -10110?
-10002
In base 11, what is -3670a + 1?
-36709
In base 6, what is 1 - 101430?
-101425
In base 10, what is -8004569 - 0?
-8004569
In base 6, what is 10444 - 234?
10210
In base 16, what is -3301 + cd?
-3234
In base 3, what is -110 - -221220022?
221212212
In base 14, what is -3 - 1400b?
-14010
In base 13, what is -1ab49 - 2c?
-1ab78
In base 13, what is 8155 - -60?
81b5
In base 3, what is -10102 + 210220?
200111
In base 11, what is 7 - 36215?
-36209
In base 13, what is -1578 + 13?
-1565
In base 13, what is a99 + -1a8?
8c1
In base 12, what is 28 + -15a2?
-1576
In base 13, what is -2 - -112043?
112041
In base 5, what is 10123301 - -2?
10123303
In base 7, what is -1 + 2055630?
2055626
In base 11, what is 5 - 3820a2?
-382098
In base 11, what is 4151 + -22?
412a
In base 6, what is -242 + 2531?
2245
In base 13, what is 4 + -9a9c?
-9a98
In base 13, what is -9 - -76610?
76604
In base 4, what is -13122300 + 3?
-13122231
In base 11, what is -a23 + a?
-a14
In base 9, what is 3 + 30372?
30375
In base 9, what is 70 - -21613?
21683
In base 6, what is -5133 + -104?
-5241
In base 10, what is 7632 + 5?
7637
In base 3, what is 2 - 1111222120?
-1111222111
In base 10, what is 1250928 - -2?
1250930
In base 6, what is 0 - 40304553?
-40304553
In base 14, what is -1b0 + -1a9?
-379
In base 13, what is 165aa - 7?
165a3
In base 16, what is -2 + 97d0?
97ce
In base 2, what is -101 + -1110100110111011?
-1110100111000000
In base 4, what is 1110 - 302?
202
In base 9, what is -1 + -1261118?
-1261120
In base 15, what is -58c86 + 2?
-58c84
In base 8, what is 25 - -17700?
17725
In base 5, what is 14 - -43244?
43313
In base 10, what is 558079 + 3?
558082
In base 14, what is 7b436 + 0?
7b436
In base 8, what is 2555 - -2551?
5326
In base 10, what is 102 - -2326?
2428
In base 4, what is 1123 + 1232?
3021
In base 2, what is 1100001100101 + 100001?
1100010000110
In base 3, what is -110120120111122 + -2?
-110120120111201
In base 13, what is 1 + -28304?
-28303
In base 2, what is 101100 - -111111110111?
1000000100011
In base 9, what is 216801 + -1?
216800
In base 8, what is -627 + 1144?
315
In base 11, what is -790 + -42?
-822
In base 6, what is -4 + -42453132?
-42453140
In base 13, what is 3 + -103b79?
-103b76
In base 5, what is 10103022 + 1?
10103023
In base 14, what is -1ba7 - -5?
-1ba2
In base 3, what is 1210111120111 + -11?
1210111120100
In base 7, what is 4 + -11310?
-11303
In base 13, what is 0 - 9c1?
-9c1
In base 12, what is -17971 + 2?
-1796b
In base 13, what is -43 - 5327?
-536a
In base 6, what is 52123 + -5?
52114
In base 10, what is -683385 + -1?
-683386
In base 6, what is 244 + 53152?
53440
In base 7, what is -1452 - -255?
-1164
In base 9, what is -1777810 + -5?
-1777815
In base 6, what is -5322 + 3202?
-2120
In base 15, what is 2025 - -4c?
2072
In base 7, what is 1230 + -22?
1205
In base 3, what is -1220122 - 11?
-1220210
In base 15, what is -a - -266?
25b
In base 15, what is 1de28 - -1?
1de29
In base 12, what is -12bb + -119?
-1418
In base 7, what is 261 - -321?
612
In base 5, what is -22021 + 2242?
-14224
In base 15, what is 4d4 - -140b?
18e0
In base 10, what is -2 + 11995?
11993
In base 4, what is -1 + 2132021032?
2132021031
In base 5, what is -1 + 10432014?
10432013
In base 3, what is -1001101202 - 11?
-1001101220
In base 7, what is -155 + 114626?
114441
In base 4, what is -2 - -301312?
301310
In base 5, what is -21143220 + -3?
-21143223
In base 2, what is -1100 - 11011011110?
-11011101010
In base 9, what is -2508 - 86?
-2605
In base 3, what is -1222020111 - -21?
-1222020020
In base 12, what is 2 + 8484?
8486
In base 14, what is 3 - 1323?
-1320
In base 8, what is 653144 + -3?
653141
In base 3, what is -11112112 - 1120?
-11121002
In base 10, what is -20937 - 17?
-20954
In base 14, what is 0 + 50a96?
50a96
In base 4, what is -33011131 + -1?
-33011132
In base 5, what is -2232122 + -3?
-2232130
In base 13, what is -9 - -4679?
4670
In base 10, what is -54 - -1920?
1866
In base 2, what is -11001111000 - -10011?
-11001100101
In base 9, what is -3 + -1138602?
-1138605
In base 16, what is -466 - -d0?
-396
In base 5, what is -21 - -341331?
341310
In base 15, what is -1 - -baea?
bae9
In base 13, what is 530b - 1?
530a
In base 6, what is -44421 - 3?
-44424
In base 3, what is -12 - 1000201001020?
-1000201001102
In base 16, what is -6056a - 5?
-6056f
In base 6, what is 23 - -34232?
34255
In base 10, what is 61864 - -4?
61868
In base 16, what is 10b0 - 7a?
1036
In base 14, what is 1 + 98a6?
98a7
In base 6, what is 113 + 342?
455
In base 5, what is 441 - 102?
334
In base 11, what is 15 + -2139?
-2124
In base 16, what is -2 + 8f48c?
8f48a
In base 6, what is 51 - 42213?
-42122
In base 16, what is -22a + 90a?
6e0
In base 13, what is 18b - -4880?
4a3b
In base 13, what is -326 - -11?
-315
In base 3, what is 1020220 - -212002?
2002222
In base 4, what is -11321 + -1212?
-13133
In base 16, what is -3f - -129?
ea
In base 12, what is 3424 + -8?
3418
In base 10, what is 1 - -37286?
37287
In base 7, what is -42 - -130355?
130313
In base 5, what is -144121 - 4?
-144130
In base 16, what is 5 - 76601?
-765fc
In base 10, what is 120114 - 0?
120114
In base 14, what is -165d - 25?
-1684
In base 3, what is 22 - 120202001001?
-120202000202
In base 7, what is -4 - -5556245?
5556241
In base 7, what is -6123 - -2002?
-4121
In base 10, what is 810 - 40?
770
In base 4, what is -131 - -3223110?
3222313
In base 15, what is 25b - 37?
224
In base 15, what is -25 + -33db3?
-33dd8
In base 2, what is -10000101111 + 101001101101?
11000111110
In base 8, what is -1657 + -261?
-2140
In base 5, what is 432102 + 210?
432312
In base 6, what is 0 - 25534?
-25534
In base 3, what is 100121 + 1112?
102010
In base 11, what is -1248326 + -1?
-1248327
In base 16, what is -8a5 + f?
-896
In base 16, what is 73 - 1f6?
-183
In base 2, what is 10010110111010011 - 1?
10010110111010010
In base 13, what is 12814 - 2?
12812
In base 4, what is -12 + 1321333212?
1321333200
In base 5, what is -120 + -1012043?
-1012213
In base 16, what is 124fe6 + 5?
124feb
In base 9, what is -214 + 34427?
34213
In base 16, what is 5d36 + -d?
5d29
In base 16, what is 47ee + -16?
47d8
In base 14, what is -4 - -30d5?
30d1
In base 2, what is 10000010 - -100000010?
110000100
In base 12, what is 141b41 + 6?
141b47
In base 8, what is 74032 - -24?
74056
In base 15, what is b2 + d2?
194
In base 10, what is 1125 - 0?
1125
In base 9, what is -10771 + -1?
-10772
In base 8, what is -26134 - -10?
-26124
In base 13, what is 10b + a73?
b81
In base 12, what is 0 + 211